 + o = -2*o - 12. Suppose -395 = -7*i + x*i. Suppose 5*z + 14 = i. What is the units digit of z?
3
Let d(s) = 2*s + 4. Let u(r) = -r - 1. Let m(p) = d(p) + 5*u(p). What is the units digit of m(-2)?
5
What is the units digit of (-1)/1*(-10 + -9)?
9
Let a = -118 + 326. What is the tens digit of a?
0
Suppose -m + 3*f = -113, m = -3*m - 3*f + 497. What is the hundreds digit of m?
1
Suppose 0 = -4*d + 2 + 6. What is the units digit of 592/20 + d/5?
0
Suppose 3 = a - 4*g - 10, 5*a = g + 8. Suppose 0 = -4*k + 21 - 5. Suppose t + a = k. What is the units digit of t?
3
Suppose -1 = -2*n + 5. Suppose 5*m - n*m = -4*v + 30, -2*m = 10. What is the tens digit of v?
1
Suppose -3*o = -o - v - 58, 0 = 4*o - v - 114. What is the units digit of o?
8
Let k = 3 - 1. Suppose -4*j + 6*j = k. What is the units digit of j?
1
Let c = 4 + 0. What is the units digit of (1 - (-1 - 0))*c?
8
Suppose -5 + 23 = r. What is the units digit of r?
8
Let w be (-2)/4 - 60/8. Let l = w + 13. Suppose -l = -s + 7. What is the units digit of s?
2
Let d = -60 + 120. What is the tens digit of d?
6
Let g(t) = -7*t + 3*t**2 - 6 - 2*t**2 - 2 - 2. Let q be (-4)/(-6) - (-25)/3. What is the units digit of g(q)?
8
What is the tens digit of (-10)/(-20)*354*1?
7
Let t(o) be the third derivative of 1/24*o**4 + 0*o + 0 + 0*o**3 + o**2. What is the units digit of t(5)?
5
Suppose 748 = 4*g - 140. What is the units digit of g?
2
Suppose -4*y + 5*g = -432, -2*y + 3*g = y - 321. What is the tens digit of y?
0
Let z = -3 + 5. Suppose z*k + 1 = 3. What is the units digit of k?
1
Let u(g) = 14*g**2 + 2*g + 1. Let z = -9 - -8. What is the units digit of u(z)?
3
Let b(l) = -6*l**3 + l. Let x be b(-1). Let g(c) = c + 2. Let j be g(0). Suppose -x*f + 29 = j*n, 16 = 2*f - 0*f + 3*n. What is the units digit of f?
5
Let p = 23 - 18. Suppose 0 = -k + p*k - 8. What is the units digit of k?
2
Let h(s) be the second derivative of -s**5/20 + s**4/3 + 5*s**3/6 + 7*s**2/2 - 4*s. What is the units digit of h(5)?
7
Let v = 48 - 20. What is the tens digit of v?
2
Let f be ((-2)/(-4))/((-2)/4). Let u = 0 - f. What is the units digit of u?
1
Let j = 24 - -47. What is the units digit of j?
1
Suppose 5*h + 2 + 3 = -2*l, 2*l = -2*h - 14. Let p(q) = -q**2 - 12*q - 14. What is the units digit of p(l)?
6
Let r(c) = c**3 + 9*c**2 + 7*c - 6. Let k be r(-8). Suppose -k*y = -3*y. Suppose y*m - 8 = -p + m, 17 = p + 2*m. What is the units digit of p?
1
Let j = -128 - -193. What is the tens digit of j?
6
Suppose 0 = g - 3*y - 17, -21 = 2*g + 4*y - 5. Suppose -5*n = -3*n, 0 = -2*m - 4*n + g. What is the units digit of m?
1
Suppose 0 = g + 5*k - 48, 4*g + 2*k + 33 - 225 = 0. Suppose -s + m + m + g = 0, 0 = 2*m + 8. What is the units digit of s?
0
Let p(m) = m**3 + 5*m**2 - 4*m + 6. Let z be p(-6). Let y = z + 23. What is the units digit of y?
7
Suppose 3*w + 56 = 4*w. Suppose 0 = -3*c - c + w. Suppose k - c = 3*l - 1, -2*l = 8. What is the units digit of k?
1
Let c(j) = j - 4. Let k be c(6). Let z be (-14)/10 + k/5. What is the units digit of 1 + (11 - (2 + z))?
1
Let j(m) = 2*m**2 + 6*m + 4. Let q be j(-4). Suppose z = 16 - q. What is the units digit of z?
4
Suppose 2*h - 2*b = 3*b + 89, 4*h = 4*b + 184. What is the units digit of h?
7
Let u(n) = 10*n**2 - n + 5*n**2 + 7*n**2 + 4*n**2. What is the tens digit of u(-1)?
2
Let h = -4 - 11. What is the units digit of ((-14)/6)/(5/h)?
7
Let r(c) = 2*c - 5. Suppose -2*j - 30 = -4*j. Suppose 3 = -3*q + j. What is the units digit of r(q)?
3
Suppose -2*j - f = -1 + 5, -4*j = -f + 8. Let s be (-5)/(-20) + j/8. Suppose s = 4*v - 9 - 7. What is the units digit of v?
4
What is the tens digit of (0 - -1) + (-36)/(-3)?
1
Suppose -2*z + 55 = 3*z. Suppose -z*h + 16 = -9*h. What is the units digit of h?
8
Let s(c) = c**3 + c**2 - 2*c. Let y be s(-2). Suppose 60 = 4*x + 2*n, y*n = -n + 2. What is the tens digit of x?
1
Suppose 33 = -5*f + 968. What is the hundreds digit of f?
1
What is the tens digit of 90/3 - -4 - 4?
3
Let v(r) = r**3 - 8*r**2 - 11*r + 12. Let l be v(9). Let h(t) = -t**3 - 5*t**2 + 7*t + 6. Let o be h(l). What is the units digit of -3*(o + 2/(-6))?
1
Suppose 4*q - 316 + 28 = 0. What is the tens digit of q?
7
Let w(r) = 3*r**2 - 3 + r - 1 - r**3 + 3. Let z be w(3). Let q = 7 - z. What is the units digit of q?
5
Suppose -3*q - 4*a = -617, -2*q = -4*a + 155 - 573. What is the tens digit of q?
0
Let d be 88/14 + 8/(-28). Suppose f = 3*f - d. Suppose -f*a = 3*v + 2*v - 20, 2*v - 12 = -2*a. What is the units digit of a?
5
What is the hundreds digit of 6282/30 + 1/(15/(-6))?
2
Let g(f) = -f**2 + 1. Let h(o) = -o + 2*o**2 + 7 + 5 + 2*o**2 + 12*o. Let w(v) = 3*g(v) + h(v). What is the units digit of w(-11)?
5
Let b(g) = 21*g**3 - g**2 + g + 1. Let u be b(-1). What is the units digit of (u/1)/(-4 - -2)?
1
Let i(h) = -h + 2. Let n be i(6). Let t = n - -15. What is the units digit of t?
1
Let u(k) = -1. Let f(b) = 2*b + 12. Let r(y) = -f(y) - 3*u(y). What is the units digit of r(-9)?
9
Suppose -32 + 7 = -5*k. Suppose -4*h - 56 = 3*r, k*r + 12 = h - 43. Let x = r - -21. What is the units digit of x?
9
Let c = -17 - -11. What is the units digit of -2*c/4 - -2?
5
Let j(a) = -6*a**3 - a**2 - a - 1. Let s(l) = l**2 + 2*l - 4. Let t be s(-3). What is the units digit of j(t)?
5
What is the units digit of 195/6 + (-2)/(-4)?
3
Suppose k = -3*k + 108. What is the tens digit of k?
2
Let a = -6 + 12. Suppose v = -5*g, -g + 100 = 3*v - a*g. What is the tens digit of v?
2
Let x(v) = -5*v**2 - 4*v + 9. Let b(a) = -6*a**2 - 4*a + 10. Let s(q) = 4*b(q) - 5*x(q). Let i = 11 + -17. What is the units digit of s(i)?
7
Let u(b) = 34*b**3 + b**2 - b + 1. What is the units digit of u(1)?
5
Let x(j) = 4*j + 7. Let s be x(-5). Let b be (-1)/(((-15)/115)/3). Let q = s + b. What is the tens digit of q?
1
Let y(d) = 9*d**2 + d - 1. Let n be y(-2). Let t(p) = p**3 + 5*p**2 + 2*p + 4. Let i be t(-5). What is the units digit of 2/(-4) - n/i?
5
Let r = 20 - -25. What is the tens digit of r?
4
What is the units digit of 4/(-12)*(-2 - 7)?
3
Suppose v - 11 = 2*z, -v + z = -4*z + 1. What is the tens digit of v?
1
Let n = 6 - 5. Suppose 2*i + 0*i + 12 = q, -i = -4*q - n. What is the units digit of (-4)/6*(i + 1)?
4
Let a(q) = -q**2 + 2*q + 10. Let b(u) = u**2 - 2*u - 9. Let o(r) = 6*a(r) + 7*b(r). Let f = -7 + 11. What is the units digit of o(f)?
5
Let t(r) = r**2 - r + 2. Let p be (-2)/(-6) + (-7)/21. Let k be t(p). What is the units digit of (k/3)/(4/12)?
2
Let u be 0 + 2 + 1 + -3. Let y(n) = 5*n**3 + 0*n**2 - 23*n**3 + n + n**2 + u*n**2 + 1. What is the tens digit of y(-1)?
1
Let r = -10 - -3. Let o(b) = -b + 5. What is the units digit of o(r)?
2
Suppose 3*t + 24 = 4*t + 5*g, -2*t + 84 = g. What is the units digit of t?
4
Let v(n) = n**2 - 4*n + 8. What is the units digit of v(3)?
5
Suppose -85 = -4*h - h. What is the units digit of h?
7
Let a(q) = 3*q - 3*q**2 + 0*q + q**3 - 4 + 4*q - 2*q**2. Let z be a(4). What is the units digit of (-14)/3*(-12)/z?
7
Let x(j) = j**3 + 11*j**2 - j - 16. Let c = -9 + -2. Let h be x(c). What is the units digit of (-26)/h - 2/10?
5
Let c(l) = -l**3 + l**2 + 2. Let m be c(0). Let u(f) = 12*f + 3. What is the units digit of u(m)?
7
Suppose 5 + 13 = -3*m. What is the units digit of m/(-4)*84/18?
7
Let g = 3 + 22. What is the tens digit of g?
2
Let v(r) = 16*r - 3. What is the tens digit of v(2)?
2
Let f(n) = -n + 8. Suppose -3*g = 2*g + 3*b - 13, -7 = g + 3*b. What is the units digit of f(g)?
3
Suppose 3*q = -q + 848. What is the units digit of q?
2
Let q(g) = -g + 1. Let b be 6 + (-3*1 - -2). Suppose p - 23 = b*w, 0 = 4*w + 3*p - 4*p + 18. What is the units digit of q(w)?
6
Let a be (1 - 2/4)*4. Suppose 0 = -3*k + 3*z - z + 28, -5 = -5*k - 5*z. Suppose k = a*x - 0*x. What is the units digit of x?
3
Let r = 3 + -3. Suppose 5*a - 20 - 50 = r. What is the units digit of a?
4
Let d(t) = t**3 + 8*t**2 - t - 7. What is the tens digit of d(-7)?
4
Suppose 2*j - 5*r = 494, -5*j = -j + 4*r - 988. What is the units digit of j?
7
What is the tens digit of (-260)/(-22) - (-3 + (-93)/(-33))?
1
Suppose 8*n = -26 + 490. What is the tens digit of n?
5
Let m(k) = -k**2 + 4*k - 7. Let f(s) = s**2 - 5*s + 7. Let y(d) = 3*f(d) + 2*m(d). Let n be y(6). What is the units digit of n*(0 + 2*3)?
6
Let p = -116 + 174. Suppose